{"id":95,"date":"2017-12-15T16:17:36","date_gmt":"2017-12-15T15:17:36","guid":{"rendered":"http:\/\/spman-velten.de\/?page_id=95"},"modified":"2022-01-26T20:20:17","modified_gmt":"2022-01-26T19:20:17","slug":"tuev-au","status":"publish","type":"page","link":"https:\/\/www.ruppinerfahrzeugservice.de\/index.php\/tuev-au\/","title":{"rendered":"HU &#038; AU"},"content":{"rendered":"<h2>HU &amp; AU<\/h2>\n<p>Die Hauptuntersuchung (HU) ist gesetzlich vorgeschrieben und muss regelm\u00e4\u00dfig durchgef\u00fchrt werden. Seit 2010 ist die Abgasuntersuchung (AU) in die HU integriert.<\/p>\n<p>Sollte Ihre Hauptuntersuchung anstehen, k\u00f6nnen Sie diese schnell und einfach bei uns durchf\u00fchren lassen.<\/p>\n<p>Die Durchf\u00fchrung der Hauptuntersuchung nach \u00a7 29 StVZO erfolgt durch eine amtlich anerkannte Pr\u00fcforganisation.<\/p>\n<p><strong>Sie m\u00f6chte unsere Leistung in Anspruch nehmen?<br \/>\n<\/strong>Wir beraten Sie gerne und erstellen Ihnen ein individuelles Angebot. Rufen Sie uns an oder nutzen Sie unser\u00a0<a class=\"cm_anchor\" title=\"link:\/Kontakt\/\" href=\"\/index.php\/kontakt\/\">Kontaktformular<\/a>.<\/p>\n","protected":false},"excerpt":{"rendered":"<p>HU &amp; AU Die Hauptuntersuchung (HU) ist gesetzlich vorgeschrieben und muss regelm\u00e4\u00dfig durchgef\u00fchrt werden. Seit 2010 ist die Abgasuntersuchung (AU) in die HU integriert. Sollte Ihre Hauptuntersuchung anstehen, k\u00f6nnen Sie diese schnell und einfach bei uns durchf\u00fchren lassen. Die Durchf\u00fchrung der Hauptuntersuchung nach \u00a7 29 StVZO erfolgt durch eine amtlich anerkannte Pr\u00fcforganisation. Sie m\u00f6chte unsere&#8230;  <a class=\"excerpt-read-more\" href=\"https:\/\/www.ruppinerfahrzeugservice.de\/index.php\/tuev-au\/\" title=\"Read: HU &#038; AU\">Read More<\/a><\/p>\n","protected":false},"author":2,"featured_media":0,"parent":0,"menu_order":0,"comment_status":"closed","ping_status":"closed","template":"","meta":{"footnotes":""},"class_list":["post-95","page","type-page","status-publish","hentry"],"_links":{"self":[{"href":"https:\/\/www.ruppinerfahrzeugservice.de\/index.php\/wp-json\/wp\/v2\/pages\/95","targetHints":{"allow":["GET"]}}],"collection":[{"href":"https:\/\/www.ruppinerfahrzeugservice.de\/index.php\/wp-json\/wp\/v2\/pages"}],"about":[{"href":"https:\/\/www.ruppinerfahrzeugservice.de\/index.php\/wp-json\/wp\/v2\/types\/page"}],"author":[{"embeddable":true,"href":"https:\/\/www.ruppinerfahrzeugservice.de\/index.php\/wp-json\/wp\/v2\/users\/2"}],"replies":[{"embeddable":true,"href":"https:\/\/www.ruppinerfahrzeugservice.de\/index.php\/wp-json\/wp\/v2\/comments?post=95"}],"version-history":[{"count":5,"href":"https:\/\/www.ruppinerfahrzeugservice.de\/index.php\/wp-json\/wp\/v2\/pages\/95\/revisions"}],"predecessor-version":[{"id":422,"href":"https:\/\/www.ruppinerfahrzeugservice.de\/index.php\/wp-json\/wp\/v2\/pages\/95\/revisions\/422"}],"wp:attachment":[{"href":"https:\/\/www.ruppinerfahrzeugservice.de\/index.php\/wp-json\/wp\/v2\/media?parent=95"}],"curies":[{"name":"wp","href":"https:\/\/api.w.org\/{rel}","templated":true}]}}